*w = -4*m + 35936, 3*m = -w - 7107 + 34071. List the prime factors of m.
2, 5, 29, 31
Let t = 33976 + -23346. What are the prime factors of t?
2, 5, 1063
Let n = 2884 - 1113. Suppose -t + 593 = 5*f - 4*f, f + n = 3*t. What are the prime factors of t?
3, 197
Suppose 2*o + 2 = 4*n, -5*o + 31 = 4*n - 5*n. Let j(r) = -3*r + 12. Let g(z) = -z**2 - 5*z + 25. Let t(v) = o*j(v) - 4*g(v). List the prime factors of t(-5).
89
Suppose 181*u = 176*u + 26374 + 8621. List the prime factors of u.
3, 2333
Let p(f) = -4354*f - 2863. What are the prime factors of p(-6)?
7, 3323
Let p = 150555 + -91733. What are the prime factors of p?
2, 29411
Suppose 2*z = 276 + 786. Let i = -403 + z. What are the prime factors of i?
2
What are the prime factors of (-3)/((-9)/(-951))*(-44 + 39)?
5, 317
Let q = -374 - -304. Let s = 125 + q. What are the prime factors of s?
5, 11
Suppose -12 = 4*v, -y + 2*v + 2 - 492 = 0. List the prime factors of (y/(-12))/(4/18).
2, 3, 31
Let v be ((-30)/9)/(1/(-3)*2). Suppose 1239 = v*i - 2*t, -3*i = -9*t + 4*t - 732. What are the prime factors of i?
3, 83
Let n be 1*(-26)/(-39)*6/(-2). Let y(z) = 3*z**2 - 11 + 7 - 9 + 51*z**2 - 9*z. List the prime factors of y(n).
13, 17
Suppose -70 = -47*h + 33*h. Suppose -v + 813 = 5*o, h*v - 2*o - 1512 = 2526. List the prime factors of v.
2, 101
Suppose 3*z - 99456 = 3*u, -2182*z + u - 99476 = -2185*z. List the prime factors of z.
71, 467
Suppose 11*k = 10160 + 2160. Suppose -2*t = 0, t = -2*i - 2*i + k. Suppose 2*f + 7*b = 3*b + i, -f = -4*b - 134. What are the prime factors of f?
2, 3, 23
Suppose 0 = -61*d - 22*d + 816554. What are the prime factors of d?
2, 4919
Suppose 0 = -2*f - 5*a + 15411, -8 = -3*a - 17. List the prime factors of f.
3, 857
Let l(b) be the first derivative of -3*b**2/2 + 50*b - 16. Let u be l(17). List the prime factors of (-24)/1*(u + 1/2).
2, 3
Let h = 175 + -101. Suppose -h - 68 = -2*b. Suppose 5*y - 4*k - 325 - b = 0, -2 = -2*k. List the prime factors of y.
2, 5
Suppose 0 = -848*f + 885*f - 627986 - 682591. What are the prime factors of f?
3, 11807
Suppose -2114*a = -2126*a + 430284. What are the prime factors of a?
23, 1559
Suppose -8*k - 6020 = -13*k. What are the prime factors of k?
2, 7, 43
Let v(z) = z**2 - 18*z + 56. Let b be v(14). Suppose b = -13*o + 2541 - 253. List the prime factors of o.
2, 11
Suppose 71*q + 45309 = 42*q + 476568. List the prime factors of q.
3, 4957
Suppose 0 = -d + 4*r - 9 + 33, -48 = -2*d - 3*r. Let g = d + -33. What are the prime factors of (27/g)/((1/1)/(-1))?
3
Let d(h) = -h**3 - 9*h**2 - 10*h - 10. Let x be d(-8). Let l be 0/(-4) - 135*x. List the prime factors of (l/9)/((-1)/1).
2, 3, 5
Let u(r) = -2*r**3 - 9*r**2 + 7*r + 2. Let x(k) = 2*k - 3*k + k - 3*k + 9. Let q be x(5). List the prime factors of u(q).
2, 17
Let c be ((-8)/(-3) - 2)/(1/15). Suppose c*n - 4*n = -150. Let i = -9 - n. What are the prime factors of i?
2
Let a(k) = 1056*k**3 - 9*k**2 + 13*k + 9. List the prime factors of a(3).
3, 11, 863
Suppose -1407 = -2*q - 3*k, -3*q - 5*k = -1707 - 402. Suppose -2*s + 136 = -q. What are the prime factors of s?
2, 211
Suppose -1020*k - 65572 = -1024*k - l, 0 = -5*l - 20. List the prime factors of k.
2, 7, 1171
Let t(s) = 19*s**2 - 19*s + 164. Let u be t(10). Let p = u + -857. List the prime factors of p.
3, 113
Let m = -231 - -2397. List the prime factors of m.
2, 3, 19
List the prime factors of ((-6866)/4)/((-146)/292).
3433
Let u be -17 + (-80)/(-10) + 1333. Suppose -48*b + 46*b = -u. List the prime factors of b.
2, 331
Let j = 135994 - 64037. List the prime factors of j.
47, 1531
Suppose 2*r = 2*c - 49902, -5*c - 2078*r + 2079*r = -124743. What are the prime factors of c?
2, 3, 7, 11
Let s(t) = -5*t**3 - 283*t**2 - 79*t + 277. What are the prime factors of s(-57)?
2, 5639
Let z = 9 - 4. Suppose -5*j = 4*v + 15, -z*j = 3*v + 5 - 0. List the prime factors of (v/(-6))/((-1)/(-12)).
2, 5
Let l = 7113 - -3220. List the prime factors of l.
10333
Suppose -10*u - 5 - 195 = 0. Let t be (-2)/(1 + u/12). Suppose -3*c = -4*l - 631, 0*c - c + 207 = -t*l. What are the prime factors of c?
3, 71
Let w = 1608 - -769. What are the prime factors of w?
2377
Let w = 56106 + -23006. What are the prime factors of w?
2, 5, 331
Let h(a) = -16*a - 42. Suppose 37*c - 7*c + 120 = 0. What are the prime factors of h(c)?
2, 11
Let t = -161 + 181. Suppose 4*h = t*h - 1184. What are the prime factors of h?
2, 37
Let h be 27 + 8*7/((-28)/3). Suppose -416 = -4*d - 0*d - 2*c, 3*d - 312 = -2*c. Let u = h + d. List the prime factors of u.
5
Suppose -55*o = -27*o - 13*o - 231255. What are the prime factors of o?
3, 571
Let f(g) = g**3 - 5*g**2 + 3*g - 54. Let b be f(7). Let v = 2 + 15. Let l = v + b. List the prime factors of l.
2, 41
Let q = 18947 + -13211. What are the prime factors of q?
2, 3, 239
Suppose 271 = -0*z - z + 2*b, z + 3*b = -286. Let a = 659 + z. List the prime factors of a.
2, 191
Let n(j) = 3*j**2 + 3*j + 8. Let t be n(-7). Suppose 2 = 2*b - 2. Suppose -b*u + 3*u - 3*l - 150 = 0, t = u + l. List the prime factors of u.
2, 3, 23
Suppose 24*x - 10856 - 6520 = 0. Let k = x - 492. List the prime factors of k.
2, 29
Let p be (-4*35/63)/((-2)/3)*-36. Suppose 0 = -3*o - 2*w - 4, 4*o - 2*w + 0*w + 24 = 0. List the prime factors of ((-15)/o)/((-2)/p).
3, 5
What are the prime factors of 255465/(-60)*(-4)/3?
7, 811
Let d(h) be the second derivative of 2*h**4 - h**3/3 - h**2/2 - 2*h - 24. List the prime factors of d(-4).
17, 23
Suppose 0 = -4*j + 3*u + 16, 3*j - 8 = -j + u. Let i be 2 + 1 + 0 - j. What are the prime factors of (2/i + 2)*(-272)/(-48)?
17
Suppose -52*j - 257385 = -684461. What are the prime factors of j?
43, 191
Let s(z) = -2*z**3 - 5*z**2 + 2*z - 6. Let v be (56/(-16))/(2/4). What are the prime factors of s(v)?
421
Let b(a) = a**2 + 6*a - 7. Let t be b(3). Suppose -4*l = -4*f + t, 21 = -5*l + 4*f - 3. Let s = 10 - l. List the prime factors of s.
2, 7
Suppose 3*h + 0*h + w + 15 = 0, 4*h = 3*w - 7. Let q be (-53)/(-11) - h/22. Suppose 0 = q*f - 34 - 91. What are the prime factors of f?
5
Suppose 1066071 + 604655 = 34*r. List the prime factors of r.
49139
Let w(i) = 3*i**2 + 24*i - 23. Let l(d) = d**3 - 14*d**2 - 17*d + 15. Let k be l(15). List the prime factors of w(k).
2, 73
Let h(j) = -j + 2 - 3 + 2*j + 0*j. Let r be h(1). Suppose 2*d + r*d = 166. List the prime factors of d.
83
List the prime factors of (353/(-4) - 3)/(545/(-872)).
2, 73
Let g be (-6)/((6/8)/((-425)/34)). Suppose g*u - 267 = 101*u. Let p = u + 471. What are the prime factors of p?
2, 3, 17
Let x(q) be the third derivative of q**5/60 + 11*q**4/8 + q**3/3 + 5*q**2. Let l be x(-10). Let z = -110 - l. List the prime factors of z.
2, 59
Let c = 1005 - 376. Let o = 394 + c. What are the prime factors of o?
3, 11, 31
Suppose -r - 75*j + 77*j + 10992 = 0, -3*j = -4*r + 43983. What are the prime factors of r?
2, 3, 13, 47
Suppose -16 = 318*i - 320*i. Let c(u) = -u**3 + 8*u**2 + 4*u + 16. List the prime factors of c(i).
2, 3
Let y(s) = -s**3 - 28*s**2 + 300*s - 11. List the prime factors of y(-51).
2, 13, 107
Let a = 122963 + -56501. List the prime factors of a.
2, 3, 11, 19, 53
Let i(b) = -b**2 + 5*b + 27. Let s be i(7). Suppose 5*g - 2323 = -4*p, -14*p = -s*p + 4*g - 578. List the prime factors of p.
2, 3, 97
Suppose 3*o = -2*k - 192, k - 3*k - 4*o - 188 = 0. What are the prime factors of ((-133)/(-21) - 7)/(4/k)?
17
Suppose 28 = -6*g - 2. List the prime factors of (-20538)/(-70) - (-2)/g.
293
Let n be 1/(1 + (-14)/16). List the prime factors of (-2)/(-4) + 91*4/n.
2, 23
Let q(a) = 6*a + 13. Let u be q(-8). List the prime factors of (-8 - 11081/u) + (-4)/(-10).
3, 103
Let s = -783 - -830. List the prime factors of s.
47
Let n = 276 + -276. List the prime factors of 103 + n - 2/(5 - 7).
2, 13
List the prime factors of ((-794)/78 - (-46)/(-299))*-1242.
2, 3, 23, 31
Let s = -561 - -563. Suppose -5*c + 5*i + 1551 = 8*i, 0 = 4*c - s*i - 1232. List the prime factors of c.
3, 103
Suppose -2*x + 707 = -5*a, x - 4 = 2*x. Let h = 1 - a. What are the prime factors of h?
2, 3
Let f(z) = 98*z - 623. Let c be f(8). Let p be (4/5)/(4/(-20)). What are the prime factors of c - 2 - p/8*-4?
157
Suppose 14*z = 8*z + 25992. Suppose -38*p + 44*p = z. List the prime factors of p.
2, 19
Let d(g) = -239*g - 3. Let 